33301107 prime?
True
Is 117191105 prime?
False
Is 136774969 a prime number?
True
Is 246268241 a composite number?
True
Is 54312359 a prime number?
False
Is 1887283 a composite number?
False
Is 29590753 prime?
True
Is 2121479 composite?
False
Is 538981 a prime number?
False
Is 44900131 a composite number?
False
Is 161711149 a prime number?
False
Is 5059259 composite?
False
Is 3172159 prime?
True
Is 1325903 prime?
True
Is 13772887 a prime number?
False
Is 12927931 a composite number?
False
Is 11068699 prime?
True
Is 3649591 a composite number?
True
Is 60973223 a composite number?
True
Is 26398507 a prime number?
False
Is 8176841 prime?
True
Is 16073671 a prime number?
False
Is 13284823 composite?
True
Is 55710211 composite?
False
Is 289200733 prime?
True
Is 1730269 composite?
True
Is 4673765 composite?
True
Is 12464443 composite?
False
Is 65521219 a composite number?
False
Is 7644389 prime?
True
Is 39279113 a composite number?
False
Is 3165341 prime?
True
Is 1402567 composite?
False
Is 97945813 a composite number?
True
Is 15710657 composite?
False
Is 7253483 prime?
True
Is 41807 composite?
True
Is 663337 a composite number?
True
Is 382301053 a prime number?
False
Is 52927607 a prime number?
True
Is 24333917 a composite number?
False
Is 6136495 a composite number?
True
Is 31851601 a prime number?
False
Is 788683277 a composite number?
False
Is 4990049 composite?
False
Is 20602991 a composite number?
False
Is 140289727 composite?
False
Is 1152191 a composite number?
True
Is 15071659 a composite number?
False
Is 8602631 prime?
True
Is 202991773 composite?
False
Is 1947037 composite?
True
Is 142094291 composite?
False
Is 37575643 a prime number?
False
Is 18727393 prime?
True
Is 267213291 a prime number?
False
Is 89172191 prime?
False
Is 1948333 composite?
True
Is 124121497 composite?
False
Is 426226219 composite?
False
Is 132717421 composite?
True
Is 4302131 a composite number?
False
Is 46439 a prime number?
True
Is 76617433 a prime number?
True
Is 23134277 a composite number?
True
Is 7436851 composite?
True
Is 4739203 a composite number?
True
Is 5871473 composite?
True
Is 14840647 composite?
True
Is 5601727 a prime number?
False
Is 822113 prime?
True
Is 62782721 composite?
False
Is 121409 a composite number?
True
Is 92286031 a composite number?
False
Is 2457085 composite?
True
Is 132461867 a composite number?
False
Is 5727863 a composite number?
True
Is 95017121 composite?
False
Is 296236621 prime?
False
Is 5439211 prime?
False
Is 1752059 prime?
False
Is 3644129 prime?
True
Is 21432781 composite?
False
Is 8255281 prime?
False
Is 51945503 a composite number?
False
Is 35997809 a prime number?
True
Is 21663359 a prime number?
True
Is 2930261 a composite number?
False
Is 10209687 composite?
True
Is 176796677 prime?
True
Is 3313561 a prime number?
True
Is 45509479 a prime number?
False
Is 366753769 composite?
False
Is 1051481647 composite?
False
Is 28577933 a composite number?
False
Is 24233593 a composite number?
True
Is 361069 prime?
True
Is 6040547 composite?
False
Is 43963063 composite?
True
Is 9522743 prime?
False
Is 1710661 prime?
True
Is 25636739 prime?
False
Is 1302438941 a prime number?
True
Is 118778357 a prime number?
False
Is 5843951 a composite number?
False
Is 69241577 prime?
True
Is 2202541 composite?
True
Is 28719169 composite?
True
Is 299603 composite?
False
Is 1410691643 composite?
False
Is 2073415 prime?
False
Is 320721242 a prime number?
False
Is 2559677 composite?
False
Is 1977427 a composite number?
False
Is 54164459 composite?
True
Is 321535519 prime?
True
Is 93799919 a prime number?
True
Is 59311093 a composite number?
True
Is 153452269 a prime number?
False
Is 2813431 composite?
True
Is 76918361 a prime number?
False
Is 7336189 a composite number?
True
Is 13728943 a composite number?
False
Is 562629697 composite?
True
Is 14714879 a composite number?
True
Is 3957419 a prime number?
False
Is 61240409 composite?
True
Is 67100281 a composite number?
False
Is 19757755 composite?
True
Is 36750737 prime?
False
Is 1251779 composite?
True
Is 2358613 prime?
False
Is 10212659 composite?
False
Is 3684433 composite?
True
Is 2664149 a composite number?
False
Is 26996423 a prime number?
True
Is 10977059 a composite number?
False
Is 2343227 a composite number?
True
Is 17441971 composite?
True
Is 3352319 composite?
True
Is 14206 prime?
False
Is 85015411 composite?
True
Is 253028631 composite?
True
Is 225875129 a composite number?
False
Is 858641 prime?
False
Is 281509 a prime number?
True
Is 277746001 prime?
False
Is 85579471 composite?
True
Is 591611921 prime?
True
Is 140658907 prime?
True
Is 11715265 a prime number?
False
Is 152231017 composite?
False
Is 5800937 prime?
False
Is 1797281 a prime number?
True
Is 21740881 a composite number?
True
Is 1963981 composite?
False
Is 524567 composite?
True
Is 562691 a composite number?
False
Is 573431 prime?
False
Is 185623666 a prime number?
False
Is 214766841 a prime number?
False
Is 2527021 a composite number?
True
Is 167723 composite?
True
Is 1436797 a composite number?
False
Is 23043329 prime?
True
Is 188189009 composite?
False
Is 228170914 a prime number?
False
Is 1350941 composite?
True
Is 4826743 prime?
False
Is 19935793 composite?
False
Is 221521549 composite?
False
Is 22966403 a prime number?
True
Is 871837 a prime number?
True
Is 698143661 a prime number?
True
Is 80248067 prime?
False
Is 17431445 prime?
False
Is 27034411 composite?
True
Is 6327239 prime?
True
Is 5556219 composite?
True
Is 22088767 prime?
False
Is 157411 a composite number?
False
Is 4548689 composite?
True
Is 50210791 a prime number?
True
Is 146353619 composite?
False
Is 275978063 composite?
True
Is 2318623 a prime number?
True
Is 9545317 composite?
False
Is 41464537 composite?
True
Is 2911141 a composite number?
False
Is 41776901 a prime number?
False
Is 18914011 a prime number?
True
Is 500018095 prime?
False
Is 238613057 composite?
False
Is 441336001 a prime number?
True
Is 14955193 a composite number?
True
Is 52692857 prime?
False
Is 7450609 composite?
False
Is 528373 prime?
True
Is 390286289 composite?
True
Is 8870182 a prime number?
False
Is 8575538 composite?
True
Is 53222041 a composite number?
True
Is 1274969 a composite number?
True
Is 1542949 composite?
True
Is 186054321 a composite number?
True
Is 227304089 composite?
False
Is 109464149 a composite number?
True
Is 161717773 prime?
False
Is 699617 a prime number?
True
Is 16790491 a prime number?
True
Is 35272253 prime?
False
Is 12032771 composite?
False
Is 35815189 prime?
True
Is 4081601 a composite number?
False
Is 48207023 prime?
True
Is 9458227 composite?
True
Is 21933941 composite?
False
Is 3117713 composite?
False
Is 1357393 a composite number?
True
Is 284023 prime?
True
Is 466224497 composite?
True
Is 20127683 a prime number?
True
Is 22837027 composite?
False
Is 886841 a prime number?
False
Is 2035037 prime?
False
Is 17359831 a composite number?
True
Is 252169937 prime?
False
Is 6592231 composite?
True
Is 2588623 a prime number?
False
Is 160965037 composite?
False
Is 1931227 a composite number?
False
Is 79039747 composite?
False
Is 270163967 prime?
True
Is 17660245 composite?
True
Is 2754643 prime?
False
Is 1460647 prime?
False
Is 5612869 composite?
True
Is 33266873 prime?
True
Is 1542418 a composite number?
True
Is 327647 a composite number?
False
Is 224427579 prime?
False
Is 6427259 composite?
False
Is 1002679 a prime number?
True
Is 2612893 prime?
True
Is 260921 a prime number?
True
Is 153442927 composite?
True
Is 2652467 a composite number?
True
Is 36602507 prime?
False
Is 5235026 a prime number?
False
Is 2962819 prime?
True
Is 3986711 composite?
False
Is 304429369 a composite number?
False
Is 26913661 a composite number?
False
Is 1900777 prime?
True
Is 16967081 prime?
False
Is 256567919 a composite number?
True
Is 522863905 prime?
False
Is 22160633 composite?
True
Is 74615 prime?
False
Is 59345471 composite?
False
Is 85018811 a prime number?
False
Is 451518043 a composite number?
False
Is 9367157 prime?
True
Is 1272003259 a composite number?
False
Is 20160919 composite?
True
Is 2353913 a composite number?
False
Is 96258011 composite?
False
Is 674931 a prime number?
False
Is 297397169 a composite number?
False
Is 360811 composite?
True
Is 38824651 compo